?
2, 3, 7, 23
Suppose 19 = 7*v - 2. Suppose 28 = 5*s + 4*i, -4*s + 2*i + 8 = -2*i. Suppose 3*h + v = 0, -j = 3*j + s*h - 80. What are the prime factors of j?
3, 7
Suppose -37 = -5*a - 4*x - 139, -x = 3*a + 64. What are the prime factors of (1 + 0)/(a/(-110))?
5
Suppose -2940 = -2*a + 2*z, 5*a - 9*a + 5850 = 2*z. What are the prime factors of a?
5, 293
Let h = 30 - 26. Suppose 3*k - 186 = -0*k + 3*w, 4*k + h*w = 288. What are the prime factors of k?
67
Suppose -2*q - 5*o + 2513 = 0, -8*q - 4*o = -4*q - 5056. What are the prime factors of q?
3, 47
Let p be (75/20 + -5)*24. What are the prime factors of ((-31)/(-2))/((-65)/p - 2)?
3, 31
Let v(s) = 34*s**3 - 2*s + 1. Suppose 4*i + 3*l - 10 = 6, -2*l = 5*i - 13. Let m be v(i). Suppose 9 = 4*p - p, 2*t = p + m. What are the prime factors of t?
2, 3
Let w(b) = -32*b + 468. What are the prime factors of w(4)?
2, 5, 17
Let f(l) = l**2 - 2*l + 2. Suppose 2*i - 1 = 13. Let u(d) = -d + 4. Let w be u(i). What are the prime factors of f(w)?
17
Suppose -3*j + 2556 = j - 4*x, 0 = -j - 2*x + 654. Suppose 4*i - t = -0*i + j, 5*t = -4*i + 668. Let s = i - 105. List the prime factors of s.
3, 19
Let u(n) = n + 13. Let l be u(-10). Let b(a) = 5*a + 4. Let t be b(l). Let r = t - 1. What are the prime factors of r?
2, 3
Let q be (6/5)/(3/140). Let x be (-1 - 0/1)*37. Let d = x + q. List the prime factors of d.
19
Let t = -3465 + 5056. List the prime factors of t.
37, 43
Let r = 1015 - -120. List the prime factors of r.
5, 227
Suppose 0 = -4*z + 12 - 4. Suppose -a = 2*d + 2*a - 117, -d = z*a - 59. Let b = -34 + d. List the prime factors of b.
23
Suppose -253 + 1057 = -6*o. Let l = o - -233. List the prime factors of l.
3, 11
Let i = 190 + 243. What are the prime factors of i?
433
Suppose 4*a + 35 = -5*o, o + 2*o = a - 4. Let x be ((-22)/o)/((-1)/(-6)). Suppose x + 21 = 5*s. List the prime factors of s.
13
Let z be (7/2)/(16/224). Suppose q - z = -33. List the prime factors of q.
2
Let r = -2471 - -3667. What are the prime factors of r?
2, 13, 23
Let n = -112 + 114. Suppose 0 = a + 3*m - 3 - 5, -2*a + 16 = -5*m. Let l = n + a. What are the prime factors of l?
2, 5
Let h = 21 - 18. Suppose -2*f + h = -3*w - 1, -5*f = 4*w - 33. Suppose 120 = 3*k + 3*s, 0 = 3*s + w + 10. What are the prime factors of k?
2, 11
Suppose -729 = -21*z + 18*z. Let m = -139 + z. What are the prime factors of m?
2, 13
Let a be 3 + -1 - 3 - 9. Let q = 38 + a. What are the prime factors of q?
2, 7
Suppose 2*h = -0*h + 4. Suppose -w = -3*w - 10, h*f - 3*w = 119. What are the prime factors of f?
2, 13
Suppose 0 = 2*o + o - 9. Let h be (2/6)/((-9)/(-54)). Suppose -3*d + 69 = h*k, 4*k + 16 = o*d - 53. List the prime factors of d.
23
Let m(l) = 3*l**3 + 2*l**2 - 2*l - 1. Let u be m(-2). Let d = -17 - u. List the prime factors of 44 - (3 + d - 0).
3, 5
Let k = -399 - -713. Let u = k - 154. What are the prime factors of u?
2, 5
What are the prime factors of -6 - (-2 + 5 - 2601)?
2, 3
Let q(j) = 2*j - 30 + j**3 - 11*j**2 + 16 + 0*j**2. List the prime factors of q(11).
2
Let i be 22/5 - (-6)/(-15). Suppose 0 = -5*v - 4*f + 16, 3*v - 2*f = i*v - 2. Suppose -144 = -5*o - v*t, 4*o - 4*t + 2*t = 110. What are the prime factors of o?
2, 7
Suppose -13*a = -19*a + 5844. List the prime factors of a.
2, 487
Let m(g) = g**3 - 10*g**2 - 25*g + 152. What are the prime factors of m(15)?
2, 11, 41
Let f(k) = -74*k - 1. Let s be f(-8). Suppose 5*i + 3*n = s, -n = 3*i + 3*n - 348. List the prime factors of i.
2, 3, 5
Let h(g) = 6*g + 1. Suppose 2*l = 3*p - 2, -3*p + 3*l - 4 = -1. Suppose -2*k = -4, p*k = 3*i - 0 - 1. List the prime factors of h(i).
19
List the prime factors of (-4022975)/(-1100) - (1 - (-6)/(-8)).
3, 23, 53
Let z(n) = -46*n + 19*n + 9*n**2 + 17*n - 12 + 11*n. List the prime factors of z(-6).
2, 3, 17
Let x(l) = 316*l**3 - 25*l + 55. List the prime factors of x(2).
17, 149
Let l(g) = 49*g + 1. Let h be (5/(-15))/(2/(-6)). Let d be l(h). Let i = d - 17. List the prime factors of i.
3, 11
Let l(u) = -3*u - 4. Let n be l(-3). Suppose c = n*c + 128. What are the prime factors of 8/(-28) - c/14?
2
Let t(n) = n**3 - 3*n**2 - 5*n + 7. Let q be t(5). Let f be (q/(-2))/(-4) + 2. What are the prime factors of (-158)/(-10) + f/30?
2
Let b(t) = 768*t - 22. What are the prime factors of b(3)?
2, 7, 163
Let c = 0 + 4. Suppose c*u + 156 = 2*m, 4*m = 5*u + 137 + 172. What are the prime factors of m?
2, 19
Suppose -112 = 4*z + 272. Let r = 247 + z. What are the prime factors of r?
151
Suppose -4*b - 3*m + 589 = 0, 0*b - 142 = -b + m. Suppose -559 + b = -2*c. List the prime factors of c.
3, 23
Suppose -10 = 2*l - 28. Let j = -3 + l. List the prime factors of j.
2, 3
Suppose 2*r - 6 = 10. Suppose -r*o + 5*o = -180. What are the prime factors of o?
2, 3, 5
Let s(u) = -2 + u + 3*u**3 + u**3 + 3*u**2 - 3*u**3. Let h be s(-2). Suppose 5*p + h*t - 98 = -t, 4*p - 70 = -5*t. List the prime factors of p.
2, 5
Let a(c) = -20*c - 10. Let h be a(-4). Suppose b - h = -9. What are the prime factors of b?
61
Let q(a) = -a - 11. Suppose -9 = -4*p - 41. Let l be q(p). List the prime factors of -3 - (-5 - -2) - l.
3
Suppose 0 = -x - 2*u + 30, 0 = -x - u + 16 + 10. Let y = x + -19. Suppose -88 = -y*l + 152. List the prime factors of l.
2, 5
Let d = -3561 - -6940. What are the prime factors of d?
31, 109
Let f(j) = 10 - 1 + 10 + j - 4. Let q be f(-8). Suppose 0 = 4*y - q*y + 84. List the prime factors of y.
2, 7
Let k = 33 - 21. List the prime factors of 579/k + (-1)/4.
2, 3
Let o be 310 + (-11 - -2)/(-3). Suppose 5*k - 520 = 4*j, -4*k - 2*j = -103 - o. Suppose -7*t = -3*t - k. List the prime factors of t.
2, 13
Let i(p) = -p. Let r be i(-4). Suppose r*z - 28 = 2*z. List the prime factors of z/8 - 4/(-16).
2
Let z = 68 + 11. Let j = 44 + z. List the prime factors of j.
3, 41
Suppose -p = 3*i - 261, 3*i - 18*p - 270 = -22*p. What are the prime factors of i?
2, 43
Let y(n) = 12*n - 7. Let x(j) = -6*j + 3. Let q(p) = -10*x(p) - 4*y(p). Let u be (2/(-3))/(2/(-9)). List the prime factors of q(u).
2, 17
Let s be (2/(12/38))/((-13)/(-156)). Suppose 0*b - 2*b = u - 17, 5*u - s = -b. List the prime factors of u.
3, 5
What are the prime factors of (-516)/(-1) + (-837)/93?
3, 13
Let p be 19 + -15 + -4*1. Suppose p = 3*y - 353 + 44. List the prime factors of y.
103
Let l be (-1 + -4)/(0 - 1). Let t(h) = h**3 - 4*h**2 - 6*h + 11. Let o be t(l). List the prime factors of 57/o + 2/4.
2, 5
Let l = 13 - 6. Let n = -25 + 43. Let t = n - l. What are the prime factors of t?
11
Let n(k) = -k**2 + 14*k + 11. Let g be n(15). What are the prime factors of 217/6 + g/24?
2, 3
Suppose -2*l = -2*v + 10, v = 4*l - 7*l - 7. List the prime factors of -4 + (88 - 4 - v).
2, 3, 13
Let m = 5 + -4. Suppose -y = -m + 15. What are the prime factors of (-6)/(36/15)*y?
5, 7
Let i be 8*-3*8/(-6). Let r = i + -22. List the prime factors of r.
2, 5
Let s be 3/(2/(20/(-15))). What are the prime factors of s/(-5) + (-2893)/(-55)?
53
Suppose -3*t - y = -7, 2*y - 11 = -3*t - 9. Let g(h) = 2*h**2 - 5*h + 1. Let a(w) = w**2 - 4*w. Let j(m) = -3*a(m) + 2*g(m). What are the prime factors of j(t)?
2, 13
Let o(g) be the first derivative of 3*g**4/2 - 2*g**3/3 + g**2/2 + g + 13. List the prime factors of o(2).
43
Let u = 20 + 18. Suppose 150 = 5*r - 4*f, 4*r - 5*r - 2*f = -44. Suppose 2*t + o = -t + r, 2*o = -3*t + u. What are the prime factors of t?
2, 5
Suppose 0 = -l - 3*v + 93, 3*l = 2*v + 2*v + 266. List the prime factors of (-5)/(l/(-1066)) + 4/(-18).
59
Let o(m) = m**2 + 7*m + 11. Suppose 15 = -n - 4*s, 5*s - 19 + 1 = 4*n. List the prime factors of o(n).
11
Let d = 326 - -33. Suppose 6*u - d - 409 = 0. Suppose 2*b = -0*b - 6, 2*t + 4*b - u = 0. List the prime factors of t.
2, 5, 7
Let j = 862 - -463. What are the prime factors of j?
5, 53
Suppose 0*i + 4 = i. Suppose -266 = -i*j - r, 160 = 5*j + 5*r - 180. Suppose -39 = -5*a + 4*s + 38, -4*a = -s - j. What are the prime factors of a?
17
List the prime factors of 39/52 + -3*11602/(-24).
1451
Let f = 21 - 20. Let i be ((-70)/(-25))/(f/20). List the prime factors of ((-12)/(-8))/(4/i).
3, 7
Suppose 4*a - 4*n = 13192, -n + 32 - 28 = 0. What are the prime factors of a?
2, 13, 127
Let g = 1642 + -914. Let f = g + -406. List the prime factors of f.
2, 7, 23
Let n(x) = x - 2. Let t be n(3). L